{"id":154,"date":"2017-10-12T18:28:33","date_gmt":"2017-10-12T18:28:33","guid":{"rendered":"https:\/\/betigazte.000webhostapp.com\/?page_id=154"},"modified":"2026-01-14T08:29:21","modified_gmt":"2026-01-14T08:29:21","slug":"socios-y-cuotas","status":"publish","type":"page","link":"http:\/\/www.betigazte.net\/?page_id=154","title":{"rendered":"Socios y Cuotas"},"content":{"rendered":"<h5 style=\"text-align: center;\"><strong>SOCIOS ACTUALES\u00a0<\/strong><\/h5>\n<p style=\"text-align: left;\"><a href=\"http:\/\/www.betigazte.net\/wp-content\/uploads\/2018\/05\/txartela_aitzin.jpg\" target=\"_blank\" rel=\"noopener noreferrer\"><img loading=\"lazy\" decoding=\"async\" class=\"alignleft wp-image-1501\" src=\"http:\/\/www.betigazte.net\/wp-content\/uploads\/2018\/05\/txartela_aitzin-300x194.jpg\" alt=\"\" width=\"322\" height=\"208\" srcset=\"http:\/\/www.betigazte.net\/wp-content\/uploads\/2018\/05\/txartela_aitzin-300x194.jpg 300w, http:\/\/www.betigazte.net\/wp-content\/uploads\/2018\/05\/txartela_aitzin-768x497.jpg 768w, http:\/\/www.betigazte.net\/wp-content\/uploads\/2018\/05\/txartela_aitzin-945x612.jpg 945w, http:\/\/www.betigazte.net\/wp-content\/uploads\/2018\/05\/txartela_aitzin-600x388.jpg 600w, http:\/\/www.betigazte.net\/wp-content\/uploads\/2018\/05\/txartela_aitzin.jpg 1004w\" sizes=\"auto, (max-width: 322px) 100vw, 322px\" \/><\/a>Actualmente somos <strong>1.584<\/strong>\u00a0los socios que formamos parte del Beti Gazte.<\/p>\n<p>De esta cantidad de socios, hay mucha variedad, siendo la mayor\u00eda <strong>mayores<\/strong> con una cuota anual de 29\u20ac, seguido de personas <strong>jubiladas<\/strong> (cuota de 19\u20ac), <strong>\u00a0juveniles<\/strong> (22\u20ac),\u00a0 <strong>infantiles<\/strong> (16\u20ac) y finalmente <strong>menores de 8 a\u00f1os<\/strong> los cuales no tienen que pagar nada.<\/p>\n<p>Se trata pues de la cantidad de socios m\u00e1s alta vista en la historia del Beti Gazte, dato que nos enorgullece y da fuerzas para seguir trabajando en las diferentes actividades que organizamos.<\/p>\n<p>Tal y como podr\u00e9is comprobar la tarjeta de socio contiene un C\u00f3digo QR. Es esa imagen situado en la parte inferior derecha y que a trav\u00e9s de la c\u00e1mara del tel\u00e9fono m\u00f3vil lo detecta y es un enlace directo a esta p\u00e1gina web.<\/p>\n<h5 style=\"text-align: center;\">\u00a1HAZTE SOCIO!<\/h5>\n<p>\u00bfTodav\u00eda no eres socio? Aqu\u00ed te dejamos el documento que debes rellenar para serlo.<\/p>\n<p>Rellena el archivo y m\u00e1ndalo por correo electr\u00f3nico a idazkaritza@betigazte.net. Tambi\u00e9n puedes imprimirlo y entreg\u00e1rnoslo. \u00a1AN\u00cdMATE!<\/p>\n\n\n<div data-wp-interactive=\"core\/file\" class=\"wp-block-file\"><object data-wp-bind--hidden=\"!state.hasPdfPreview\" hidden class=\"wp-block-file__embed\" data=\"http:\/\/www.betigazte.net\/wp-content\/uploads\/2026\/01\/BAZKIDE-IZATEKO-IZEN-EMATE-ORRIA-HOJA-DE-INSCRIPCION-SOCI@S-1.pdf\" type=\"application\/pdf\" style=\"width:100%;height:600px\" aria-label=\"Incrustado de BAZKIDE-IZATEKO-IZEN-EMATE-ORRIA-HOJA-DE-INSCRIPCION-SOCI@S-1.\"><\/object><a id=\"wp-block-file--media-308de605-b8a6-48f8-9362-04d892deebf8\" href=\"http:\/\/www.betigazte.net\/wp-content\/uploads\/2026\/01\/BAZKIDE-IZATEKO-IZEN-EMATE-ORRIA-HOJA-DE-INSCRIPCION-SOCI@S-1.pdf\">BAZKIDE-IZATEKO-IZEN-EMATE-ORRIA-HOJA-DE-INSCRIPCION-SOCI@S-1<\/a><a href=\"http:\/\/www.betigazte.net\/wp-content\/uploads\/2026\/01\/BAZKIDE-IZATEKO-IZEN-EMATE-ORRIA-HOJA-DE-INSCRIPCION-SOCI@S-1.pdf\" class=\"wp-block-file__button wp-element-button\" download aria-describedby=\"wp-block-file--media-308de605-b8a6-48f8-9362-04d892deebf8\">Descarga<\/a><\/div>\n\n\n\n<p><\/p>\n","protected":false},"excerpt":{"rendered":"<p>SOCIOS ACTUALES\u00a0 Actualmente somos 1.584\u00a0los socios que formamos parte del Beti Gazte. De esta cantidad de socios, hay mucha variedad, siendo la mayor\u00eda mayores con una cuota anual de 29\u20ac, seguido de personas jubiladas (cuota de 19\u20ac), \u00a0juveniles (22\u20ac),\u00a0 infantiles&#8230; <a class=\"more-link\" href=\"http:\/\/www.betigazte.net\/?page_id=154\">Seguir leyendo &rarr;<\/a><\/p>\n","protected":false},"author":2,"featured_media":0,"parent":0,"menu_order":0,"comment_status":"closed","ping_status":"closed","template":"","meta":{"spay_email":"","footnotes":""},"class_list":["post-154","page","type-page","status-publish","hentry"],"jetpack_sharing_enabled":true,"jetpack_shortlink":"https:\/\/wp.me\/P9WiWE-2u","_links":{"self":[{"href":"http:\/\/www.betigazte.net\/index.php?rest_route=\/wp\/v2\/pages\/154","targetHints":{"allow":["GET"]}}],"collection":[{"href":"http:\/\/www.betigazte.net\/index.php?rest_route=\/wp\/v2\/pages"}],"about":[{"href":"http:\/\/www.betigazte.net\/index.php?rest_route=\/wp\/v2\/types\/page"}],"author":[{"embeddable":true,"href":"http:\/\/www.betigazte.net\/index.php?rest_route=\/wp\/v2\/users\/2"}],"replies":[{"embeddable":true,"href":"http:\/\/www.betigazte.net\/index.php?rest_route=%2Fwp%2Fv2%2Fcomments&post=154"}],"version-history":[{"count":17,"href":"http:\/\/www.betigazte.net\/index.php?rest_route=\/wp\/v2\/pages\/154\/revisions"}],"predecessor-version":[{"id":8624,"href":"http:\/\/www.betigazte.net\/index.php?rest_route=\/wp\/v2\/pages\/154\/revisions\/8624"}],"wp:attachment":[{"href":"http:\/\/www.betigazte.net\/index.php?rest_route=%2Fwp%2Fv2%2Fmedia&parent=154"}],"curies":[{"name":"wp","href":"https:\/\/api.w.org\/{rel}","templated":true}]}}