{"id":156,"date":"2017-10-12T18:28:59","date_gmt":"2017-10-12T18:28:59","guid":{"rendered":"https:\/\/betigazte.000webhostapp.com\/?page_id=156"},"modified":"2021-10-29T17:57:35","modified_gmt":"2021-10-29T17:57:35","slug":"local-social","status":"publish","type":"page","link":"http:\/\/www.betigazte.net\/?page_id=156","title":{"rendered":"Local Social"},"content":{"rendered":"<p><img loading=\"lazy\" decoding=\"async\" class=\"size-medium wp-image-345 alignright\" src=\"https:\/\/betigazte.000webhostapp.com\/wp-content\/uploads\/2017\/10\/patrimonio-008-300x217.jpg\" alt=\"\" width=\"300\" height=\"217\" srcset=\"http:\/\/www.betigazte.net\/wp-content\/uploads\/2017\/10\/patrimonio-008-300x217.jpg 300w, http:\/\/www.betigazte.net\/wp-content\/uploads\/2017\/10\/patrimonio-008.jpg 450w\" sizes=\"auto, (max-width: 300px) 100vw, 300px\" \/><\/p>\n<h4 style=\"text-align: center;\"><strong>SOCIEDAD BETI GAZTE<\/strong><\/h4>\n<p style=\"text-align: center;\">C\/ Beheko Plaza n\u00ba 9, Piso 1<\/p>\n<p style=\"text-align: center;\">Lesaka &#8211; 31770 &#8211; Navarra<\/p>\n<p style=\"text-align: center;\"><strong>OPCIONES PARA LA UTILIZACI\u00d3N DEL LOCAL SOCIAL<\/strong><\/p>\n<p><strong>1.- Ser un grupo perteneciente del Beti Gazte<\/strong>, es decir, que sea una iniciativa del club y dependa de \u00e9l. Para ello, habr\u00e1 que aceptar las condiciones del club<\/p>\n<p><strong>2.- Siendo una iniciativa a parte de la pertenencia a un grupo del Beti Gazte, <\/strong>solicitar la utilizaci\u00f3n del local. No podr\u00e1 ser una actividad con \u00e1nimo de lucro y en temas de horario las actividades organizadas por el club tendr\u00e1n preferencia. A parte de ello, habr\u00e1 que acatar estas normas:<\/p>\n<p style=\"text-align: left; padding-left: 80px;\">2.1.- Actividades de un d\u00eda puntual: solicitar el local por escrito. El solicitante deber\u00e1 ser socio del club, no obstante, el resto de los participantes no tendr\u00e1n esa obligaci\u00f3n. Habr\u00e1 que pagar 10\u20ac en total por hora de utilizaci\u00f3n.<\/p>\n<p style=\"padding-left: 80px;\">2.2.- Actividad duradera: solicitar el local por escrito. Todos los participantes de la actividad deber\u00e1n ser socios del club. Se pagar\u00e1n 3\u20ac en total por cada hora de utilizaci\u00f3n del local.<\/p>\n","protected":false},"excerpt":{"rendered":"<p>SOCIEDAD BETI GAZTE C\/ Beheko Plaza n\u00ba 9, Piso 1 Lesaka &#8211; 31770 &#8211; Navarra OPCIONES PARA LA UTILIZACI\u00d3N DEL LOCAL SOCIAL 1.- Ser un grupo perteneciente del Beti Gazte, es decir, que sea una iniciativa del club y dependa&#8230; <a class=\"more-link\" href=\"http:\/\/www.betigazte.net\/?page_id=156\">Seguir leyendo &rarr;<\/a><\/p>\n","protected":false},"author":2,"featured_media":0,"parent":0,"menu_order":0,"comment_status":"closed","ping_status":"closed","template":"","meta":{"spay_email":"","footnotes":""},"class_list":["post-156","page","type-page","status-publish","hentry"],"jetpack_sharing_enabled":true,"jetpack_shortlink":"https:\/\/wp.me\/P9WiWE-2w","_links":{"self":[{"href":"http:\/\/www.betigazte.net\/index.php?rest_route=\/wp\/v2\/pages\/156","targetHints":{"allow":["GET"]}}],"collection":[{"href":"http:\/\/www.betigazte.net\/index.php?rest_route=\/wp\/v2\/pages"}],"about":[{"href":"http:\/\/www.betigazte.net\/index.php?rest_route=\/wp\/v2\/types\/page"}],"author":[{"embeddable":true,"href":"http:\/\/www.betigazte.net\/index.php?rest_route=\/wp\/v2\/users\/2"}],"replies":[{"embeddable":true,"href":"http:\/\/www.betigazte.net\/index.php?rest_route=%2Fwp%2Fv2%2Fcomments&post=156"}],"version-history":[{"count":1,"href":"http:\/\/www.betigazte.net\/index.php?rest_route=\/wp\/v2\/pages\/156\/revisions"}],"predecessor-version":[{"id":5935,"href":"http:\/\/www.betigazte.net\/index.php?rest_route=\/wp\/v2\/pages\/156\/revisions\/5935"}],"wp:attachment":[{"href":"http:\/\/www.betigazte.net\/index.php?rest_route=%2Fwp%2Fv2%2Fmedia&parent=156"}],"curies":[{"name":"wp","href":"https:\/\/api.w.org\/{rel}","templated":true}]}}